{"id":716,"date":"2018-05-24T19:54:14","date_gmt":"2018-05-24T19:54:14","guid":{"rendered":"http:\/\/concreces.mx\/Web_v1\/?page_id=716"},"modified":"2018-06-04T15:29:53","modified_gmt":"2018-06-04T15:29:53","slug":"credito-prepuente","status":"publish","type":"page","link":"https:\/\/concreces.mx\/Web_v1\/credito-prepuente\/","title":{"rendered":"Cr\u00e9dito Pre-Puente"},"content":{"rendered":"<p><section data-kc-fullwidth=\"content\" class=\"kc-elm kc-css-406160 kc_row\"><div class=\"kc-row-container\"><div class=\"kc-wrap-columns\"><div class=\"kc-elm kc-css-732785 kc_col-sm-4 kc_column kc_col-sm-4\"><div class=\"kc-col-container\"><div class=\"kc-elm kc-css-476421\" style=\"height: 20px; clear: both; width:100%;\"><\/div>\n<div class=\"kc-elm kc-css-941322 kc-title-wrap \">\n\n\t<h4 class=\"kc_title\">Obt\u00e9n el financiamiento oportuno<br> antes de iniciar tu proyecto<\/h4>\n<\/div>\n<div class=\"kc-elm kc-css-778851 kc_shortcode kc_single_image\">\n\n        <img decoding=\"async\" src=\"https:\/\/concreces.mx\/Web_v1\/wp-content\/uploads\/2018\/05\/pre-puente-1.png\" class=\"\" alt=\"\" \/>    <\/div>\n<\/div><\/div><div class=\"kc-elm kc-css-376675 kc_col-sm-8 kc_column kc_col-sm-8\"><div class=\"kc-col-container\"><div class=\"kc-elm kc-css-867227 kc_text_block\"><\/p>\n<p class=\"p1\">Esta l\u00ednea de cr\u00e9dito complementaria est\u00e1 dirigida a los prospectos con planes futuros para el desarrollo de proyectos de vivienda bajo la modalidad de cr\u00e9dito puente, pero con necesidades de liquidez para la inversi\u00f3n inicial.<\/p>\n<p class=\"p2\" style=\"padding-left: 30px;\">\u2022 Financiamiento hasta por el 25% del valor del terreno<\/p>\n<p class=\"p2\" style=\"padding-left: 30px;\">\u2022 Plazo a 4 meses, con opci\u00f3n a dos pr\u00f3rrogas<span class=\"s1\"><b>*<\/b><\/span><\/p>\n<p class=\"p2\" style=\"padding-left: 30px;\">\u2022 Garant\u00eda fiduciaria<\/p>\n<p class=\"p2\" style=\"padding-left: 30px;\">\u2022 Tasa TIIE 8.5 al 12%<\/p>\n<p class=\"p2\" style=\"padding-left: 30px;\">\u2022 Pago de inter\u00e9s mensual y de capital al vencimiento<\/p>\n<p class=\"p3\" style=\"padding-left: 30px;\">\u2022 Comisi\u00f3n por disposici\u00f3n del 2.7% m\u00e1s IVA, sobre el monto del cr\u00e9dito<\/p>\n<p>\n<\/div><\/div><\/div><\/div><\/div><\/section><section data-kc-fullwidth=\"content\" class=\"kc-elm kc-css-875863 kc-animated kc-animate-eff-fadeInDown kc-animate-delay-100 kc-animate-speed-3s kc_row\"><div class=\"kc-row-container\"><div class=\"kc-wrap-columns\"><div class=\"kc-elm kc-css-415498 kc_col-sm-12 kc_column kc_col-sm-12\"><div class=\"kc-col-container\"><div class=\"kc-elm kc-css-884349\" style=\"height: 40px; clear: both; width:100%;\"><\/div><\/div><\/div><\/div><\/div><\/section><section data-kc-fullwidth=\"content\" class=\"kc-elm kc-css-443621 kc_row\"><div class=\"kc-row-container\"><div class=\"kc-wrap-columns\"><div class=\"kc-elm kc-css-541982 kc_col-sm-4 kc_column kc_col-sm-4\"><div class=\"kc-col-container\"><div class=\"kc-elm kc-css-65070\" style=\"height: 130px; clear: both; width:100%;\"><\/div>\n<div class=\"kc-elm kc-css-47766 kc-title-wrap \">\n\n\t<h3 class=\"kc_title\">Beneficio<\/h3>\n<\/div>\n<div class=\"kc-elm kc-css-378780\" style=\"height: 107px; clear: both; width:100%;\"><\/div><\/div><\/div><div class=\"kc-elm kc-css-913173 kc_col-sm-8 kc_column kc_col-sm-8\"><div class=\"kc-col-container\"><div class=\"kc-elm kc-css-714483\" style=\"height: 60px; clear: both; width:100%;\"><\/div><div class=\"kc-elm kc-css-162025 kc_text_block\"><\/p>\n<p class=\"p1\">\u2022 \u00a0Pagos sobre saldos insolutos<\/p>\n<p class=\"p1\">\u2022 \u00a0Tiempos de respuesta \u00e1giles<\/p>\n<p class=\"p1\">\u2022 \u00a0Sin penalizaci\u00f3n por prepago<\/p>\n<p class=\"p2\">\u2022 \u00a0Tasas y comisiones competitivas, de acuerdo al proyecto y estructura de cr\u00e9dito<\/p>\n<p>\n<\/div><\/div><\/div><\/div><\/div><\/section><section data-kc-fullwidth=\"content\" class=\"kc-elm kc-css-328674 kc-animated kc-animate-eff-fadeIn kc-animate-delay-1200 kc-animate-speed-3s kc_row\"><div class=\"kc-row-container\"><div class=\"kc-wrap-columns\"><div class=\"kc-elm kc-css-821588 kc_col-sm-8 kc_column kc_col-sm-8\"><div class=\"kc-col-container\"><div class=\"kc-elm kc-css-64369\" style=\"height: 40px; clear: both; width:100%;\"><\/div><\/div><\/div><\/div><\/div><\/section><section data-kc-fullwidth=\"content\" class=\"kc-elm kc-css-789830 kc_row\"><div class=\"kc-row-container\"><div class=\"kc-wrap-columns\"><div class=\"kc-elm kc-css-117675 kc_col-sm-4 kc_column kc_col-sm-4\"><div class=\"kc-col-container\"><div class=\"kc-elm kc-css-649791\" style=\"height: 130px; clear: both; width:100%;\"><\/div>\n<div class=\"kc-elm kc-css-491311 kc-title-wrap \">\n\n\t<h3 class=\"kc_title\">\u00bfC\u00f3mo adquirirlo?<\/h3>\n<\/div>\n<div class=\"kc-elm kc-css-575419\" style=\"height: 97px; clear: both; width:100%;\"><\/div><\/div><\/div><div class=\"kc-elm kc-css-657418 kc_col-sm-8 kc_column kc_col-sm-8\"><div class=\"kc-col-container\"><div class=\"kc-elm kc-css-31692\" style=\"height: 60px; clear: both; width:100%;\"><\/div><div class=\"kc-elm kc-css-477000 kc_text_block\"><\/p>\n<p class=\"p1\">\u2022 Ser socio activo de la Uni\u00f3n, mediante la compra de 1,000 acciones<\/p>\n<p class=\"p1\">\u2022 Tener experiencia m\u00ednima de un proyecto similar terminado con \u00e9xito<\/p>\n<p class=\"p1\">\u2022 Entregar la documentaci\u00f3n requerida por Concreces y la CNBV<\/p>\n<p class=\"p1\">\u2022 Evaluaci\u00f3n crediticia de la empresa y de factibilidad t\u00e9cnica<\/p>\n<p>\n<\/div><\/div><\/div><\/div><\/div><\/section><section data-kc-fullwidth=\"content\" class=\"kc-elm kc-css-137723 kc_row\"><div class=\"kc-row-container\"><div class=\"kc-wrap-columns\"><div class=\"kc-elm kc-css-806728 kc_col-sm-12 kc_column kc_col-sm-12\"><div class=\"kc-col-container\"><div class=\"kc-elm kc-css-334603\" style=\"height: 40px; clear: both; width:100%;\"><\/div>\n<div class=\"kc-elm kc-css-327485\">\n\t<a class=\"kc_button\" href=\"http:\/\/concreces.mx\/Web_v1\/contacto\/\" target=\"_self\" title=\"\" onclick=\"\">\n\t\tSolicitar Cr\u00e9dito\t<\/a>\n<\/div>\n<\/div><\/div><\/div><\/div><\/section><\/p>\n","protected":false},"excerpt":{"rendered":"","protected":false},"author":1,"featured_media":0,"parent":0,"menu_order":0,"comment_status":"closed","ping_status":"closed","template":"","meta":{"footnotes":""},"class_list":["post-716","page","type-page","status-publish","hentry"],"_links":{"self":[{"href":"https:\/\/concreces.mx\/Web_v1\/wp-json\/wp\/v2\/pages\/716","targetHints":{"allow":["GET"]}}],"collection":[{"href":"https:\/\/concreces.mx\/Web_v1\/wp-json\/wp\/v2\/pages"}],"about":[{"href":"https:\/\/concreces.mx\/Web_v1\/wp-json\/wp\/v2\/types\/page"}],"author":[{"embeddable":true,"href":"https:\/\/concreces.mx\/Web_v1\/wp-json\/wp\/v2\/users\/1"}],"replies":[{"embeddable":true,"href":"https:\/\/concreces.mx\/Web_v1\/wp-json\/wp\/v2\/comments?post=716"}],"version-history":[{"count":45,"href":"https:\/\/concreces.mx\/Web_v1\/wp-json\/wp\/v2\/pages\/716\/revisions"}],"predecessor-version":[{"id":1006,"href":"https:\/\/concreces.mx\/Web_v1\/wp-json\/wp\/v2\/pages\/716\/revisions\/1006"}],"wp:attachment":[{"href":"https:\/\/concreces.mx\/Web_v1\/wp-json\/wp\/v2\/media?parent=716"}],"curies":[{"name":"wp","href":"https:\/\/api.w.org\/{rel}","templated":true}]}}